{"id":2940,"date":"2024-01-27T18:02:36","date_gmt":"2024-01-27T17:02:36","guid":{"rendered":"https:\/\/verband-deutscher-falkner.de\/nrw\/?page_id=2940"},"modified":"2024-02-18T23:10:50","modified_gmt":"2024-02-18T22:10:50","slug":"mitgliedschaft","status":"publish","type":"page","link":"https:\/\/verband-deutscher-falkner.de\/nrw\/mitgliedschaft\/","title":{"rendered":"Mitgliedschaft"},"content":{"rendered":"\n<p>Mitglied des VDF kann jede nat\u00fcrliche Person werden, die das 16. Lebensjahr vollendet hat, die den Zweck und die Aufgaben des VDF gem\u00e4\u00df \u00a7 2 anerkennt und unterst\u00fctzt sowie sich dazu den Regelungen dieser Satzung unterwirft. Ein Aufnahmeantrag vom 16. \u2013 18. Lebensjahr kann nur mit Zustimmung der Erziehungsberechtigten erfolgen. Weiterhin besteht bei uns auch die M\u00f6glichkeit einer Familienmitgliedschaft.<\/p>\n\n\n\n<p>Juristische Personen, die mit dem VDF gem\u00e4\u00df \u00a7 2 Abs. 2 l) kooperieren, k\u00f6nnen als kooperative Mitglieder aufgenommen werden.<\/p>\n\n\n\n<p>Der Mitgliedsbeitrag betr\u00e4gt 70,- \u20ac pro Jahr. Eine Aufnahmegeb\u00fchr f\u00e4llt nicht an. Im Mitgliedsbeitrag ist der kostenfreie Bezug des j\u00e4hrlich erscheinenden Heftes \u201eFalknersheil\u201c bereits enthalten. &nbsp;<\/p>\n\n\n\n<p>Wenn Sie in NRW ans\u00e4ssig sind, richten Sie bitte Ihren Aufnahmeantrag an unseren Vorsitzenden des Landesverbandes NRW. Die Mitgliedsantr\u00e4ge finden Sie <a href=\"https:\/\/verband-deutscher-falkner.de\/mitgliedschaft\/\" data-type=\"link\" data-id=\"https:\/\/verband-deutscher-falkner.de\/mitgliedschaft\/\">hier<\/a>. Der Aufnahmeantrag steht sowohl digital mit der M\u00f6glichkeit zur digitalen Unterschrift (Sie ben\u00f6tigen das kostenlose Programm Adobe Acrobat Reader hierf\u00fcr) als auch zum ausdrucken zur Verf\u00fcgung.&nbsp;<\/p>\n\n\n\n<figure class=\"wp-block-embed is-type-wp-embed is-provider-verband-deutscher-falkner-e-v wp-block-embed-verband-deutscher-falkner-e-v\"><div class=\"wp-block-embed__wrapper\">\nhttps:\/\/verband-deutscher-falkner.de\/mitgliedschaft\/\n<\/div><\/figure>\n","protected":false},"excerpt":{"rendered":"<p>Mitglied des VDF kann jede nat\u00fcrliche Person werden, die das 16. Lebensjahr vollendet hat, die den Zweck und die Aufgaben des VDF gem\u00e4\u00df \u00a7 2 anerkennt und unterst\u00fctzt sowie sich dazu den Regelungen dieser&#46;&#46;&#46;<\/p>\n","protected":false},"author":1,"featured_media":0,"parent":0,"menu_order":0,"comment_status":"closed","ping_status":"closed","template":"","meta":{"_uag_custom_page_level_css":"","_coblocks_attr":"","_coblocks_dimensions":"","_coblocks_responsive_height":"","_coblocks_accordion_ie_support":"","pgc_sgb_lightbox_settings":"","footnotes":""},"class_list":["post-2940","page","type-page","status-publish","hentry"],"uagb_featured_image_src":{"full":false,"thumbnail":false,"medium":false,"medium_large":false,"large":false,"1536x1536":false,"2048x2048":false,"thumb-small":false,"thumb-standard":false,"thumb-medium":false,"thumb-large":false,"thumb-xlarge":false,"thumb-xxlarge":false},"uagb_author_info":{"display_name":"vdfadmin","author_link":"https:\/\/verband-deutscher-falkner.de\/nrw\/author\/vdfadmin\/"},"uagb_comment_info":0,"uagb_excerpt":"Mitglied des VDF kann jede nat\u00fcrliche Person werden, die das 16. Lebensjahr vollendet hat, die den Zweck und die Aufgaben des VDF gem\u00e4\u00df \u00a7 2 anerkennt und unterst\u00fctzt sowie sich dazu den Regelungen dieser&#46;&#46;&#46;","_links":{"self":[{"href":"https:\/\/verband-deutscher-falkner.de\/nrw\/wp-json\/wp\/v2\/pages\/2940","targetHints":{"allow":["GET"]}}],"collection":[{"href":"https:\/\/verband-deutscher-falkner.de\/nrw\/wp-json\/wp\/v2\/pages"}],"about":[{"href":"https:\/\/verband-deutscher-falkner.de\/nrw\/wp-json\/wp\/v2\/types\/page"}],"author":[{"embeddable":true,"href":"https:\/\/verband-deutscher-falkner.de\/nrw\/wp-json\/wp\/v2\/users\/1"}],"replies":[{"embeddable":true,"href":"https:\/\/verband-deutscher-falkner.de\/nrw\/wp-json\/wp\/v2\/comments?post=2940"}],"version-history":[{"count":6,"href":"https:\/\/verband-deutscher-falkner.de\/nrw\/wp-json\/wp\/v2\/pages\/2940\/revisions"}],"predecessor-version":[{"id":3118,"href":"https:\/\/verband-deutscher-falkner.de\/nrw\/wp-json\/wp\/v2\/pages\/2940\/revisions\/3118"}],"wp:attachment":[{"href":"https:\/\/verband-deutscher-falkner.de\/nrw\/wp-json\/wp\/v2\/media?parent=2940"}],"curies":[{"name":"wp","href":"https:\/\/api.w.org\/{rel}","templated":true}]}}