{"id":2943,"date":"2024-01-27T18:09:03","date_gmt":"2024-01-27T17:09:03","guid":{"rendered":"https:\/\/verband-deutscher-falkner.de\/nrw\/?page_id=2943"},"modified":"2024-02-16T15:50:42","modified_gmt":"2024-02-16T14:50:42","slug":"home","status":"publish","type":"page","link":"https:\/\/verband-deutscher-falkner.de\/nrw\/","title":{"rendered":"Home"},"content":{"rendered":"<p class=\"p1\">Der Landesverband Nordrhein-Westfalen wurde im Juli 2014 gegr\u00fcndet. Unsere Initiative geht auf Falk Hennigs und Detlef Ga\u00dfmann zur\u00fcck, zwei leidenschaftliche Falkner, die sich zusammengeschlossen haben, um die Interessen der Falknerei in Nordrhein-Westfalen zu vertreten und zu sch\u00fctzen.<\/p>\n<div id=\"attachment_2944\" style=\"width: 260px\" class=\"wp-caption alignright\"><a href=\"https:\/\/verband-deutscher-falkner.de\/nrw\/wp-content\/uploads\/sites\/4\/2024\/01\/IMG_0494-scaled.jpg\"><img decoding=\"async\" aria-describedby=\"caption-attachment-2944\" class=\"wp-image-2944 lazyload\" data-src=\"https:\/\/verband-deutscher-falkner.de\/nrw\/wp-content\/uploads\/sites\/4\/2024\/01\/IMG_0494-300x169.jpg\" alt=\"\" width=\"250\" height=\"141\" data-srcset=\"https:\/\/verband-deutscher-falkner.de\/nrw\/wp-content\/uploads\/sites\/4\/2024\/01\/IMG_0494-300x169.jpg 300w, https:\/\/verband-deutscher-falkner.de\/nrw\/wp-content\/uploads\/sites\/4\/2024\/01\/IMG_0494-1024x576.jpg 1024w, https:\/\/verband-deutscher-falkner.de\/nrw\/wp-content\/uploads\/sites\/4\/2024\/01\/IMG_0494-768x432.jpg 768w, https:\/\/verband-deutscher-falkner.de\/nrw\/wp-content\/uploads\/sites\/4\/2024\/01\/IMG_0494-1536x864.jpg 1536w, https:\/\/verband-deutscher-falkner.de\/nrw\/wp-content\/uploads\/sites\/4\/2024\/01\/IMG_0494-2048x1152.jpg 2048w, https:\/\/verband-deutscher-falkner.de\/nrw\/wp-content\/uploads\/sites\/4\/2024\/01\/IMG_0494-500x281.jpg 500w\" data-sizes=\"(max-width: 250px) 100vw, 250px\" src=\"data:image\/gif;base64,R0lGODlhAQABAAAAACH5BAEKAAEALAAAAAABAAEAAAICTAEAOw==\" style=\"--smush-placeholder-width: 250px; --smush-placeholder-aspect-ratio: 250\/141;\" \/><\/a><p id=\"caption-attachment-2944\" class=\"wp-caption-text\">Habicht &#8222;Ludwig&#8220; auf einer geschlagenen Kr\u00e4he &#8211; \u00a9 Melanie Hansen<\/p><\/div>\n<p class=\"p1\">Der VDF NRW engagiert sich aktiv f\u00fcr den Erhalt der Falknerei als traditionelle Jagdform und immaterielles Kulturerbe. Wir arbeiten eng mit Beh\u00f6rden, Naturschutzorganisationen und anderen Interessengruppen zusammen, um die Falknerei als nachhaltige und verantwortungsbewusste Jagdform zu f\u00f6rdern.<\/p>\n<p class=\"p1\">Unser Verband organisiert regelm\u00e4\u00dfig Treffen, Workshops und Schulungen f\u00fcr Mitglieder und Interessierte. Dabei werden verschiedene Aspekte der Falknerei behandelt, darunter Ausbildungstechniken, artgerechte Haltung, Greifvogelschutz und die rechtlichen Rahmenbedingungen. Zudem beteiligen wir uns aktiv an Naturschutzprojekten, um den Lebensraum der Greifv\u00f6gel zu sch\u00fctzen und zu erhalten.<\/p>\n<p class=\"p1\">Der VDF NRW informiert die \u00d6ffentlichkeit \u00fcber die Falknerei, ihre Geschichte und ihre Bedeutung f\u00fcr den Artenschutz und die Biodiversit\u00e4t. Wir f\u00f6rdern das Verst\u00e4ndnis und die Wertsch\u00e4tzung f\u00fcr diese uralte Jagdform.<\/p>\n<p class=\"p1\">Im Laufe der Jahre hat unser Verband eine wachsende Mitgliedschaft gewonnen und eine aktive Rolle in der F\u00f6rderung und Erhaltung der Falknerei in der Region eingenommen. Wir pflegen enge Beziehungen zu unseren Kooperationspartnern und stehen zusammen, um auch in \u00fcbergreifenden jagdpolitischen Fragen f\u00fcreinander einzustehen.<\/p>\n<p class=\"p1\">Besonders am Herzen liegt uns der Erhalt und die F\u00f6rderung stark r\u00fcckl\u00e4ufiger Arten wie Fasan, Rebhuhn und Wildkaninchen. Aus diesem Grund haben wir das Rebhuhnschutzprojekt NRW ins Leben gerufen.<\/p>\n<p class=\"p1\">Um den Bestand des Wildkaninchens in NRW zu sch\u00fctzen, setzt sich der VDF NRW f\u00fcr den Erhalt und die Schaffung von geeigneten Lebensr\u00e4umen ein. Dazu geh\u00f6rt zum Beispiel die Unterst\u00fctzung von Artenschutzprojekten, die F\u00f6rderung von Biotopverbesserungen und die Sicherung von Schutzgebieten. Auch die gezielte Bek\u00e4mpfung von Krankheiten und Parasiten ist ein wichtiger Bestandteil des Schutzes der Wildkaninchen.<\/p>\n<p class=\"p1\">Haben Sie Fragen oder Anregungen? Wir stehen Ihnen gerne \u00fcber unser Kontaktformular zur Verf\u00fcgung.<\/p>\n<p class=\"p1\">Ihr Landesverband Nordrhein-Westfalen des Verbands Deutscher Falkner<\/p>\n","protected":false},"excerpt":{"rendered":"<p>Der Landesverband Nordrhein-Westfalen wurde im Juli 2014 gegr\u00fcndet. Unsere Initiative geht auf Falk Hennigs und Detlef Ga\u00dfmann zur\u00fcck, zwei leidenschaftliche Falkner, die sich zusammengeschlossen haben, um die Interessen der Falknerei in Nordrhein-Westfalen zu vertreten&#46;&#46;&#46;<\/p>\n","protected":false},"author":1,"featured_media":0,"parent":0,"menu_order":0,"comment_status":"closed","ping_status":"closed","template":"","meta":{"_uag_custom_page_level_css":"","_coblocks_attr":"","_coblocks_dimensions":"","_coblocks_responsive_height":"","_coblocks_accordion_ie_support":"","pgc_sgb_lightbox_settings":"","footnotes":""},"class_list":["post-2943","page","type-page","status-publish","hentry"],"uagb_featured_image_src":{"full":false,"thumbnail":false,"medium":false,"medium_large":false,"large":false,"1536x1536":false,"2048x2048":false,"thumb-small":false,"thumb-standard":false,"thumb-medium":false,"thumb-large":false,"thumb-xlarge":false,"thumb-xxlarge":false},"uagb_author_info":{"display_name":"vdfadmin","author_link":"https:\/\/verband-deutscher-falkner.de\/nrw\/author\/vdfadmin\/"},"uagb_comment_info":0,"uagb_excerpt":"Der Landesverband Nordrhein-Westfalen wurde im Juli 2014 gegr\u00fcndet. Unsere Initiative geht auf Falk Hennigs und Detlef Ga\u00dfmann zur\u00fcck, zwei leidenschaftliche Falkner, die sich zusammengeschlossen haben, um die Interessen der Falknerei in Nordrhein-Westfalen zu vertreten&#46;&#46;&#46;","_links":{"self":[{"href":"https:\/\/verband-deutscher-falkner.de\/nrw\/wp-json\/wp\/v2\/pages\/2943","targetHints":{"allow":["GET"]}}],"collection":[{"href":"https:\/\/verband-deutscher-falkner.de\/nrw\/wp-json\/wp\/v2\/pages"}],"about":[{"href":"https:\/\/verband-deutscher-falkner.de\/nrw\/wp-json\/wp\/v2\/types\/page"}],"author":[{"embeddable":true,"href":"https:\/\/verband-deutscher-falkner.de\/nrw\/wp-json\/wp\/v2\/users\/1"}],"replies":[{"embeddable":true,"href":"https:\/\/verband-deutscher-falkner.de\/nrw\/wp-json\/wp\/v2\/comments?post=2943"}],"version-history":[{"count":7,"href":"https:\/\/verband-deutscher-falkner.de\/nrw\/wp-json\/wp\/v2\/pages\/2943\/revisions"}],"predecessor-version":[{"id":3074,"href":"https:\/\/verband-deutscher-falkner.de\/nrw\/wp-json\/wp\/v2\/pages\/2943\/revisions\/3074"}],"wp:attachment":[{"href":"https:\/\/verband-deutscher-falkner.de\/nrw\/wp-json\/wp\/v2\/media?parent=2943"}],"curies":[{"name":"wp","href":"https:\/\/api.w.org\/{rel}","templated":true}]}}